0*w. Give k(3).
6
Let z(n) = n + 19. Suppose 0 = 11*l - 1475 + 5886. Let o = l - -389. Calculate z(o).
7
Let o be (-1 + 7/4)*16. Let a(b) be the first derivative of -b**3/3 + 5*b**2 + 14*b + 40448. Determine a(o).
-10
Let g be 4 + 1 + (14 - 13). Let s(o) be the third derivative of -7/6*o**3 + 0 + 1/24*o**4 - 1/120*o**6 + 0*o + 1/10*o**5 - 7*o**2. Give s(g).
-1
Let k(h) be the third derivative of -h**4/12 + 28*h**3/3 - 2*h**2 + 362*h. What is k(27)?
2
Let i be 3/33*-2 + (-1314)/33. Let z = i - -40. Let k(d) be the second derivative of -d**5/20 - d**4/12 + 7*d**2/2 - 74*d. What is k(z)?
7
Suppose -88 + 32 = 4*k. Let p(g) = 10*g - 19. Let a(s) = 14*s. Let f(w) = -17*w + 6. Let q(d) = -a(d) - f(d). Let c(x) = k*q(x) + 4*p(x). Calculate c(7).
-6
Let u(c) = 2*c**2 + 8*c - 5. Suppose 41*p + 27*p - 8*p + 300 = 0. What is u(p)?
5
Suppose 158 - 207 - 351 = -16*r. Let d(w) = 17*w - 424. Determine d(r).
1
Let d(a) = -22*a + 2. Let l be d(0). Let z(u) = -6*u - 2. Let b(x) = 2. Let y(m) = l*b(m) - z(m). Calculate y(-5).
-24
Let z(y) = -2*y**3 - 521*y - 482*y + 5*y**2 + 1000*y + 16. Give z(4).
-44
Let h(w) = -w**3 + 12*w**2 - 3*w - 22. Suppose a - 67 = -j + 8*j, -5*a = 4*j - 23. What is h(a)?
66
Let w(o) = -3*o - 2. Suppose 61*y + 2 + 242 = 0. Give w(y).
10
Suppose 0 = -p - 5*o - 98, 3*p - p - 3*o = -248. Let k = -103 - p. Suppose k*s + 8 = 13*s. Let r(q) = 2*q**2 + 3*q + 1. Determine r(s).
21
Let v(r) = -3*r**3 + 11*r**2 + r + 7. Let u(n) be the first derivative of n**4 - 4*n**3 - n**2/2 - 7*n + 11. Let s(f) = 2*u(f) + 3*v(f). Give s(9).
16
Let u(d) = 28*d - 499. Let y(r) = -99*r + 1749. Let o(x) = -18*u(x) - 5*y(x). Determine o(28).
-15
Let g(m) be the second derivative of -m**4/12 + m**3/2 + 5*m**2/2 + 16*m - 1. Let k be (-2 - -4)*(-15)/(-6). Determine g(k).
-5
Let f(v) be the third derivative of -1/3*v**3 - 59*v**2 + 0 - 1/24*v**4 + 0*v. Determine f(-3).
1
Let k(d) = -9*d**3 + d**2 - d. Let g be k(1). Let j be (-2)/3*(-7)/((-42)/g). Let n(q) = q + 7. Let i(t) = -1. Let y(s) = 6*i(s) + n(s). Give y(j).
2
Let c(t) = -t**3 - 14*t**2 - 31*t - 16. Suppose 2*l - 78*h + 22 = -77*h, 0 = l + 2*h + 16. Calculate c(l).
68
Let g = 504 - 456. Let k be -4 + (-4)/(g/6 + -6). Let y(b) = -3*b - 8. Give y(k).
10
Let d be (-6)/(-9) + 25/3. Let t(o) = -o**2. Let s(r) = 4*r**2 - 10*r + 6. Let f(j) = -s(j) - 3*t(j). Let u be f(d). Let l(w) = w + 4. Determine l(u).
7
Let d(w) be the third derivative of w**5/60 - 3*w**4/8 + 9*w**3/2 + 3*w**2 - 2*w - 18. Give d(8).
19
Let m(b) = -2*b + 521*b**2 + 6 - 274*b**2 - 246*b**2. Let t be 5 + -4 - -1 - -2. What is m(t)?
14
Let n(z) be the first derivative of -z**3/3 - 13*z**2 + 92*z - 3097. Determine n(-29).
5
Let t(m) = 3*m - 5483 + 2745 + 2738. Calculate t(-18).
-54
Let w be 12/(-20) - (-24)/(-10). Suppose -3*x + 44 = -4*f, -4*f - 6 + 2 = 2*x. Let s(u) = -10 + 0*u + 4*u + 18 + u**2 - x. What is s(w)?
-3
Let p(v) = -3*v + 2 + 2*v + 6 - 5 + 0*v. Suppose -2 = 2*z + 5*t, 5*z + t = -2 + 20. Give p(z).
-1
Let n(i) be the third derivative of -i**5/60 + i**4/4 + 4*i**3 - 1924*i**2. Give n(-4).
-16
Let q(l) = 3*l - 10. Let j be ((-24)/10)/(-8*12/360). Determine q(j).
17
Let r(k) be the first derivative of -k**2/2 + 6*k + 5. Let q(o) = -o**2 + 8*o - 21. Let b be q(11). Let p = -48 - b. Determine r(p).
0
Let a(b) be the first derivative of -b**3/3 + b**2/2 - 7*b - 10. Let i = 20 - 20. Suppose i*r = 7*r. Determine a(r).
-7
Let o(k) = -176*k - 847. Let l be o(-5). Let x(w) = 2*w - 102. What is x(l)?
-36
Let s(d) = d + 2. Let a = -246 + 453. Suppose 6*n - 3*n = -a. Let v = -72 - n. What is s(v)?
-1
Let f(g) = g**2 - 4*g + 4. Let k(l) = -2 + 5 - 858*l + 858*l + l**3 + 7*l**2. Let w be k(-7). Suppose -3*j = w - 0, 0 = 3*u + 2*j - 7. Calculate f(u).
1
Let z(x) be the second derivative of -x**3/2 - 21*x**2 - x + 96. Determine z(-11).
-9
Suppose 8*l - 23*l + 165 = 0. Let z(q) = q**3 - 11*q**2 + 7*q - 15. Let n(i) = i**3 - 11*i**2 + 6*i - 15. Let v(u) = 5*n(u) - 4*z(u). Determine v(l).
7
Let d(g) = g**2 + 11*g + 19. Suppose 88*a + 455 = 23*a. Calculate d(a).
-9
Let m(g) = -3*g - 6*g + 33*g - 6*g - 8*g. Determine m(-1).
-10
Suppose 0 = m + k + 7 - 8, 0 = -2*m + 3*k + 7. Let t(i) = -9*i + 17. Determine t(m).
-1
Let c(b) = -b**3 + 97*b - 75*b - 2 - 9*b**2 + 25 - 13*b**2 + 2*b**2. Determine c(-21).
2
Let f(u) be the first derivative of 5/2*u**2 + u**3 + 4*u + 82 + 1/4*u**4. Let j be 3/(-3)*(4 - 1). Give f(j).
-11
Suppose -14*u - 10 = -16*u. Suppose 22 + 11 = u*q - 2*x, -2*x = -4*q + 28. Let s(z) = 5 - q - 2*z + 5*z. Determine s(2).
6
Let c = -4288 - -4277. Let p(v) = 4*v + 45. Calculate p(c).
1
Let q(s) = -s. Let m be -2 - (-6 + (12 - 3)). Let o(b) = 18*b - 3. Let y(u) = 1. Let x(f) = -o(f) - 4*y(f). Let z(a) = m*q(a) + x(a). What is z(-1)?
12
Let g(v) = v**3 + 5*v**2 + 4*v - 2. Let m = 222 - 159. Suppose 4*r + 35 = m. Let x = r - 11. Give g(x).
-2
Suppose 3*t - 16*k - 21 = -13*k, 3*t + k - 1 = 0. Let p(b) = -4*b**2 - 1. Determine p(t).
-17
Let h(p) = -2*p**3 - 38*p**2 + 38*p - 38. Let q = 14064 - 14084. Calculate h(q).
2
Let y be (-12)/120*((-20)/(-15) - 3). Let u(c) be the second derivative of -y*c**3 - 1/3*c**4 + 19*c - 1/20*c**5 + 0 + 3/2*c**2. Calculate u(-3).
-3
Suppose 460*d - 466*d = -90. Let l(k) = -d*k - 6 - 7*k - k**2 + 9*k. Determine l(-13).
-6
Let m(k) = -13*k**2 - 13*k - 2. Let h(w) = -29*w**2 - 27*w - 3. Let r(t) = -6*h(t) + 13*m(t). Give r(4).
44
Suppose 15*x - 676 = -37*x. Let t(l) = -14*l + 18*l**2 - 21*l**2 + 4*l**2 + 4. Give t(x).
-9
Suppose 12*z = z - 77. Let t(s) = s**2 - 13. Let k(m) = -m**2 + m + 14. Suppose -4*u + 8 = -2*u. Let x(o) = u*k(o) + 5*t(o). Give x(z).
12
Let f(u) = 11*u**2 - 24*u + 2. Let o(r) = 5*r**2 - 11*r + 1. Let w(t) = 4*f(t) - 9*o(t). Let g(i) = -3*i**2 + 4. Let l(m) = g(m) + w(m). Give l(-2).
-19
Let p(n) = 3*n**2. Let q be p(-1). Let b(d) = -16*d - 26*d - 2 + 2 + 39*d + 1. Determine b(q).
-8
Let j(r) = -r - 8. Let k be j(-11). Let o be k/(-6) + 3/(-6). Let d(l) be the first derivative of l**3/3 - l - 500. Calculate d(o).
0
Let x(w) = -w**3 - 4 + 4*w**3 - 5*w - 3*w**2 + 4*w - 2*w**3. Let c be (5/(25/2))/((-14)/(-105)). Determine x(c).
-7
Let t(j) = -12*j**2 - 19*j - 2*j**2 + 22*j - 2 - 7*j**2 + 18*j**2. What is t(1)?
-2
Let k(h) = -h**2 - 7*h + 2. Suppose 5389 + 6273 = 49*u. Suppose 266 - u = -7*b. Determine k(b).
14
Suppose 0*i + 2*i + 28 = -2*b, 0 = 5*b + i + 62. Let u = b + 10. Let p(z) = -z**2 - z + 1. Let l(t) = -t**2 + 2*t - 3. Let a(c) = l(c) + p(c). Calculate a(u).
-12
Let z(r) = -19*r - 118. Let d be z(-7). Let m(p) = p**3 - 16*p**2 + 16*p - 4. Give m(d).
11
Let s(x) = -2*x - 3537. Let u(h) = 5*h + 12381. Let a(m) = -7*s(m) - 2*u(m). Suppose 0*c - 4*c + 28 = 0. Determine a(c).
25
Let o(s) = 13*s**2 - 9*s + 30. Let z be o(8). Let d(k) = -4*k**2 - 5 + k**3 + 10 - z*k + 783*k. What is d(4)?
-23
Let m be (-3)/((-3)/4) - -1. Let j(v) = 9*v + 16. Let d be j(-1). Let p(o) = 5*o + d - 4 - o**2 + 0. Calculate p(m).
3
Let t(x) = -15*x**2. Suppose -4*i = -3*i - 13*i. Suppose -3*k + 4*h = 1, i = 5*k + h - 6*h. What is t(k)?
-15
Suppose 0 = 2*d + 3*u - 16, 5*d - u = -0 + 40. Let q(h) = -h**3 + 10*h**2 - 16*h + 4. Calculate q(d).
4
Suppose 3*a - 334 = 4*d, -2*a = 5*d - 62 - 176. Let c = a - 99. Let y(v) = 2*v - 30. Give y(c).
0
Let z(i) be the third derivative of -i**5/30 - 3*i**4/8 + 7*i**3/2 + 2812*i**2. Give z(-6).
3
Let p(v) = 8*v - 3. Let c(l) = -l**3 - l**2 + 7*l + 5. Let o be c(-3). Let m(f) = 3*f - 1. Let h(w) = o*p(w) - 5*m(w). Let y = 3 + -5. Determine h(y).
-3
Let v(j) = -j**3 - 2*j**2 + 7*j - 5. Let c = 455 + -458. Let t be 0 - (c/15 + (-63)/(-15)). Determine v(t).
-1
Let h(y) = -y**2 + 9*y + 14. Suppose 0*r + 26 = 13*r. Let l be (r*1/(-2))/((-4)/(-8)). Let w be (l/(-4))/(-1) - (-63)/6. Determine h(w).
4
Suppose 6*z = 4*z. Suppose -17 = 6*g - 3*g + 5*x, -3*x - 12 = z. Let l(o) = g + 15*o + 5 - 14*o. What is l(0)?
6
Let p(u) = -4*u**2 + 3*u. Let a(w) = -28*w**2 + 12*w - 1. Let j(y) = a(y) - 3*p(y). Give j(2).
-59
Suppose -3*c = 5*q + 49, -3*q = -3*c + 12 + 3. Let u = q + 8. Let a(w) = w**2 + 86*w - 86*w - 1. Calculate a(u).
-1
Suppose 22*m + 4 = 24*m. Let o(w) = -2*w**m - 49*w + 3*w**2 + 91*w - 29*w + 11. Give o(-8).
-29
Let p(q) = q - 11. Let v(k) = -k**3 - 6*k**2 + 6*k - 2. Let z be v(-7). Suppose -8 = 